- 12, -m*s + 70 = 4*c. What is the units digit of c?
5
Let m(s) = s**3 - 8*s**2 - 2*s + 7. Let k be m(8). Let g(d) = d + 14. What is the units digit of g(k)?
5
Suppose -5*n - 2*w + 866 = 2*w, 5*w + 150 = n. What is the tens digit of n?
7
Let f = 21 - 11. What is the units digit of f?
0
Let l be -2*15*(-2)/3. Let y be 1/5 - (-556)/l. Suppose 3*m - 2*s + 6 - y = 0, 0 = -5*m - s + 28. What is the units digit of m?
6
Let a = 2 + 6. Let t = a - 7. What is the units digit of t?
1
Let m be -2 - -12 - (-1)/1. Suppose 0 = 3*k - m + 2. What is the units digit of k?
3
Let c(f) = -f**3 - f**2 - f - 12. Let u be c(0). Let l = u + 20. Suppose l = -4*p + 20. What is the units digit of p?
3
Let l be (-1 + 5)/(-1) - -5. What is the units digit of 5 - (0 - 1/l)?
6
Suppose -39 - 66 = -2*y - 5*p, 4*y - 222 = 2*p. What is the tens digit of y?
5
Let p(r) = r**3 - 19*r**2 + 3*r + 16. What is the tens digit of p(19)?
7
What is the units digit of (0 - 1 - -17) + (6 - 4)?
8
Let a = 474 + -274. What is the tens digit of a?
0
Let y(b) = 1 - 4 + 12 + 8 + b. What is the units digit of y(8)?
5
Let m(q) = -q**3 - 8*q**2 - q - 4. Let s be m(-8). Suppose -s*g - 35 - 9 = 0. Let x = g - -17. What is the units digit of x?
6
Suppose -2*m - 3*x = -5 + 2, 0 = -3*m + 3*x + 12. Let t = -2 + m. What is the units digit of 8*(0 - (-1)/t)?
8
Suppose -w + 115 = 5*h - 76, 0 = w + 3*h - 183. What is the units digit of w?
1
Let i(t) = t**3 - 3*t**2 - 2*t - 1. Let g be i(4). Let l(a) be the first derivative of -a**2/2 + 8*a - 4. What is the units digit of l(g)?
1
What is the tens digit of (-290)/(-9) + (-20)/90?
3
Let f = 20 + -7. What is the units digit of f?
3
Let z be (5 - 5)/(1/1). What is the units digit of z + 33*4/6?
2
Suppose -80 = 20*b - 10*b. Let w(a) = -a - 3. Let s be w(0). Let r = s - b. What is the units digit of r?
5
Let j = 8 - 6. Suppose 46 = 3*w + 2*a, 4*a = 3*w - 4*w + j. What is the units digit of w?
8
Let u(x) = x**3 + 7*x**2 + 6*x + 7. Let k be u(-6). Suppose -2*c - k + 43 = -4*n, -4*c + 82 = -3*n. What is the tens digit of c?
2
Let s(l) = 3*l**2 - 4*l + 3. Let t be s(3). What is the units digit of ((-5)/15)/((-2)/t)?
3
Let y(w) = -w**2 - 5*w + 6. Let a be y(-9). Let l = 64 + a. What is the units digit of l?
4
Suppose k - 15 = 2*l - 3, 2*k - 3*l = 20. Let c = 13 - k. What is the units digit of c?
9
Let v(x) be the first derivative of 2*x**2 - 6*x - 7. What is the tens digit of v(10)?
3
Let o be (-4)/(-14) - 54/42. What is the units digit of (o/(-3))/((-5)/(-255))?
7
Let o(a) = 4*a**3 + 6*a**2 - 2*a - 6. Let w(j) = 3*j**3 + 6*j**2 - 2*j - 6. Let f(i) = -4*o(i) + 5*w(i). What is the units digit of f(5)?
9
Let l(d) = -d**2 - 9*d + 2. Suppose -3*z = t + 20, 19 = -5*z - 5*t - 11. What is the tens digit of l(z)?
1
Suppose 0 = -6*t + 3*t + 51. What is the tens digit of t?
1
Suppose 555 = 5*g - 0*g. What is the hundreds digit of g?
1
Let y = 19 + 48. What is the tens digit of y?
6
Suppose -9 = 5*c + 16. Suppose -4*g = 4*n + 48, -11 = n + 2*g + 1. Let y = c - n. What is the units digit of y?
7
Let m(p) = p. Let x be m(2). Suppose 2*h - x = 5*q, -4*q - 3*h + 3 = q. Suppose q = 3*a + 5*g - 36, -3*g + 44 = 5*a - 16. What is the units digit of a?
2
Let s = 21 + 19. What is the tens digit of s?
4
Suppose 0 = j + 3*j + 104. Let p = -11 - j. What is the tens digit of p?
1
Let v(x) = 5*x. Suppose 3*w - w = 8. Suppose -4 + 0 = -w*i. What is the units digit of v(i)?
5
What is the hundreds digit of -3*22*(-44)/24?
1
Let b be (-2 + 0)/(-1) - 7. Let y = 24 + -14. Let c = y + b. What is the units digit of c?
5
Suppose 0 = 4*j - 22 + 2. Suppose j*m = 4*v, -8*m + 3*m + 2*v = -10. What is the units digit of m?
4
Suppose 5*v - 148 = v - 2*m, 185 = 5*v - 2*m. What is the units digit of v?
7
Suppose 0*c = -5*c + 175. What is the units digit of c?
5
Suppose -3*v - 14 = -5. What is the units digit of (0 - (-3)/v)*-4?
4
Suppose 3*t + 0*t - 4*h + 12 = 0, -2*t - 2*h = 22. Let g = t + 10. What is the units digit of g?
2
Let t be -1*(3 - 4 - 8). Let r = -7 + t. Suppose g - r*g = -4. What is the units digit of g?
4
Let f = 17 + -12. Suppose -3*h - 3*w = -3, w = -f*h + 3*w + 19. What is the units digit of h?
3
Let u = 1 - -27. Suppose 4*o - 2*o = u. What is the units digit of o?
4
Suppose -5*i + 20 = -n - n, 4 = -n + i. Suppose 5*d = -4*c + 160, n*d - 120 = -3*c - d. What is the units digit of c?
0
Let h = 2 - -3. Suppose -x + h*f = -61, -3*f + 26 + 31 = 2*x. What is the tens digit of x?
3
Suppose -5*b + 90 = -4*p - 0*p, b + 5*p - 18 = 0. Suppose -y = -0*y - b. What is the tens digit of y?
1
Let i(q) = q**3 + 13*q**2 - 3*q - 16. What is the tens digit of i(-13)?
2
Suppose 4*w - 142 = 3*o + 258, -o = -5*w + 511. What is the units digit of w?
3
Let h be (-20)/6*(-24)/20. Suppose h*i + i = 0. Suppose l = 4, 2*s + 0*s - 5*l + 12 = i. What is the units digit of s?
4
Let x be 0 - (-7 - (-6)/(-3)). Suppose -2*w - x - 7 = 0. Let z = -2 - w. What is the units digit of z?
6
Let d = -5 - -10. Suppose h - 3 = 0, -5*n - d*h + 115 = -n. What is the tens digit of n?
2
Let t(o) be the first derivative of o**3/3 - 6*o**2 - 6*o + 4. What is the tens digit of t(14)?
2
Let n = -4 + 4. Suppose -3*c + 8*w - 3*w + 15 = n, 0 = c - 5*w - 15. Let t = c - -20. What is the units digit of t?
0
Let m be 3 + (-1)/(-1) + 0. Suppose -4 - m = -4*t. Suppose -r = -b + 3*b - t, 5*b + 31 = 2*r. What is the units digit of r?
8
Let m = -325 + 476. What is the tens digit of m?
5
Suppose -6 = -2*o - o. Suppose 0 = -4*s + o*s + 36. Suppose -4*n + 0*n - 5*h = -s, 4*h = n - 15. What is the units digit of n?
7
Let l(w) = 6*w - 4. Suppose 2*n - 6 = -4*g, 4*n - 12 = -2*g + 6*g. What is the tens digit of l(n)?
1
Let w = 120 - 67. What is the units digit of w?
3
Let w(q) = -q**3 + 3*q**2 - 2*q. Let n be w(2). Suppose 44 = 4*a - n*a. Suppose 0*u + 3*u = -j - a, 3*j - 2*u = 11. What is the units digit of j?
1
Let j = 1 - 0. Let t be -1 + 1 - (-1 - j). Suppose -4 = -t*h - 0. What is the units digit of h?
2
What is the units digit of 2*((-14)/(-4) - 2)?
3
Suppose 0 = -3*i - 0*i + 135. What is the units digit of i?
5
Let h = 3 - 6. What is the tens digit of ((-7)/h + -3)*-27?
1
Suppose 0 = -5*i + 5*p + 625, -8 = -5*p + 7. What is the units digit of i?
8
Suppose 11*k + 1020 = 17*k. What is the units digit of k?
0
Suppose -2*v = 2*v - 3*w - 11, 0 = 2*v + 4*w. Suppose -5*k + 175 = -v*m - m, -4*m + 12 = k. What is the tens digit of k?
3
Let d(y) = -y**2 + 7. Let i be d(0). Let x(j) = 2*j - 8. Let n be x(i). What is the units digit of (-1)/6*-2*n?
2
Let m(g) be the first derivative of 2*g**3/3 + g**2/2 - 2*g - 2. Let x = 8 - 6. What is the units digit of m(x)?
8
Suppose 0 = 5*b + 2*u + 2*u - 12, -2*u = -b + 8. Suppose b*y + l + 8 = -l, -5*l - 20 = y. Suppose 2*t - t - 3 = y. What is the units digit of t?
3
What is the units digit of (2 + -73)/((-2 - 1)/3)?
1
Let m(n) = n**3 + 5*n**2 + 3*n - 1. Let v be m(-4). Suppose 0 = -0*b - b - v*r + 14, -b - 2*r + 10 = 0. What is the units digit of b?
2
Suppose -3*g = 4*g - 371. What is the tens digit of g?
5
Suppose -3*o - 13 = 4*v, 17 = -4*o - 5*v + 1. Let g be (1/(-1))/(-1) + 2. What is the units digit of 1 + g + o + 1?
6
What is the tens digit of 22 + -3 + 1 + -3?
1
Suppose 5*o - 10 = 15. Let c(p) = p**3 - 3*p**2 - 7*p + 3. What is the units digit of c(o)?
8
What is the units digit of 1956/20 - 2/(-10)?
8
Suppose -5*o - 1 = -o + 5*j, 5*o - 4 = -j. Let x(w) = 1 + 0*w**3 - 6*w + 4*w - w**3 + 3*w**2. What is the units digit of x(o)?
1
Suppose 4*i - 12 = 32. Let t(f) = f + f - i + 0*f. What is the units digit of t(8)?
5
Let n = -88 - -57. Let d = 49 + n. What is the units digit of d?
8
Let w(z) = -z**2 - 6*z - 3. Let a be w(-5). Suppose s - 5*q = 59, 3*s - q + a*q = 113. What is the units digit of s?
9
What is the hundreds digit of (-3 - -6 - 4) + 129?
1
What is the hundreds digit of 1186/8 - 2*3/(-8)?
1
Let t = -204 - -416. What is the tens digit of t?
1
Let y = 3 - -8. Suppose y = 2*n + 9. What is the units digit of n?
1
Let z = -9 - -8. Let y = z + 2. What is the units digit of y?
1
Suppose 2 = 2*y - 8. Let k = 19 - y. What is the tens digit of k?
1
Let u(j) = j**3 + 3*j**2 + 3*j + 3. Let i be u(-2). What is the units digit of 4/i - (-2 - -5)?
1
Let i(n) = -4 + n - 2 - 2. Let u be i(7). Let f = 9 - u. What is the tens dig